 3*n. What is the units digit of s(k)?
3
Let j(z) = 11*z + 60. What is the tens digit of j(9)?
5
What is the units digit of 396 - 0/((-6)/2 - -6)?
6
Let a = -1565 - -6355. What is the hundreds digit of a?
7
Let h(z) = -z**3 - 5*z**2 - 3*z + 6. Let f be h(-4). Suppose -2*j - 151 = -a - f*a, 5*a - 235 = -5*j. What is the units digit of a?
9
Let b = 1198 + 2842. What is the units digit of b?
0
Let u(p) = 4*p - 16. Let h = 18 + -13. What is the units digit of u(h)?
4
Let v = -146 + 308. What is the hundreds digit of v?
1
Let i(u) = 55*u**2 - 19*u + 36. What is the tens digit of i(4)?
4
Let c(t) = -t**3 + 31*t**2 + 63*t - 113. What is the tens digit of c(30)?
7
Let a be (-188850)/(-105) + 4/(-7). What is the tens digit of (-9)/(-36) + a/8?
2
Suppose 11*j - 1946 = -3*j. What is the tens digit of j?
3
Suppose -3*d + 4018 = -11486. What is the units digit of d?
8
Let c(a) = -4*a - 19. Let i be c(-13). Suppose 3*w = 2*b + b - 21, -3*b - w = -i. Suppose -b = g - 45. What is the units digit of g?
5
Let u(o) = o - 4. Let f be u(7). Let l = f + 36. What is the units digit of l?
9
Let r(i) = 2*i**3 + 21*i**2 - 10*i + 7. Let s be r(-11). What is the tens digit of (s/(-7))/(14/1519)?
6
Let g = -801 - -2653. What is the thousands digit of g?
1
Let f = -22 - -19. What is the tens digit of (54 - -4) + (-3)/f?
5
Suppose -b - 3*b = 0, -3*j + 2097 = -b. What is the hundreds digit of j?
6
Suppose -3*g + 19 = 4*n - 16, g = 5. Let p = -42 - -84. Suppose -p = -n*v + 3*v. What is the units digit of v?
1
Let z(t) be the second derivative of 10*t**3/3 + 3*t**2 + 6*t. What is the tens digit of z(3)?
6
Suppose -20*s = -26*s + 18. Suppose 0 = 3*o - 15, 182 = -0*v + s*v + 4*o. What is the units digit of v?
4
Suppose n = 2*v + 2*n - 127, 0 = v - 4*n - 68. What is the tens digit of v?
6
What is the thousands digit of (-96826)/(-18) + 9*34/(-1377)?
5
Suppose -24 = -2*g + 4*g. Let k = -14 - g. What is the units digit of (27/k)/(13/(-26))?
7
Suppose l - 3*i - 316 = -7*i, i = -l + 313. What is the units digit of l?
2
Let w(j) = 1374*j**2 + j + 2. What is the hundreds digit of w(1)?
3
Suppose g + 9879 = 38*g. What is the tens digit of g?
6
Let f be (-6)/(-9)*-3 + 26. Suppose -c - f - 1156 = -5*r, -4*r + 935 = c. What is the tens digit of r?
3
Suppose 0 = 5*a + f - 10, -f = 2*a + 3*f + 14. Let i(p) = 1. Let o(h) = h + 3. Let c(x) = -2*i(x) + o(x). What is the units digit of c(a)?
4
Suppose -10 = 60*h - 65*h, 2*g - 156 = -2*h. What is the units digit of g?
6
Suppose -3*n = n - 212. Suppose 373 = -14*u - 19. Let i = u + n. What is the units digit of i?
5
Let z = 696 + 551. What is the thousands digit of z?
1
Let j(r) = r**3 + 3*r**2 - 7*r - 5. Let b be j(-4). Let u(h) be the third derivative of h**4/8 + 7*h**3/6 - 5*h**2. What is the tens digit of u(b)?
2
Suppose -5*c - 28 - 30 = -2*i, -4*c = i - 42. What is the tens digit of i?
3
Let d(s) be the third derivative of 0*s - s**2 - s**3 - 1/8*s**4 + 0. What is the tens digit of d(-9)?
2
Let w(v) = -2*v**2 - 6*v - 7. Let p be w(-3). Let g(x) = x**3 + 9*x**2 + 13*x + 6. What is the units digit of g(p)?
3
Let s(u) = 7*u**2 + 35*u + 3. Let m be s(-5). Suppose 4*d - 984 = -p - 3*p, m*p - 738 = -2*d. What is the hundreds digit of p?
2
Let q be 1/((-8 - -3)/(-35)). Suppose 0 = -n - 2*r + q, r + 9 = 4*n - 1. What is the tens digit of n/15 + (-2632)/(-40)?
6
Let h = -11 + -3. Let d = -12 - h. Suppose -d*y = -4*u + 3*y + 31, 7 = 4*u + 3*y. What is the units digit of u?
4
What is the units digit of 31 - 39 - 547/(-1)?
9
Let h = -171 - -249. Let l be (h - 2) + 3 - 3. What is the units digit of l*(3 - 20/8)?
8
Suppose -n + 4*y - 6 = 0, 0 = -y - 3*y + 8. Suppose 4*p - 106 - n = 0. Suppose 5*o - p = 5*r - 2*r, o - 2*r = 11. What is the units digit of o?
3
Let u(l) = l**3 - 17*l**2 - 59*l - 108. What is the tens digit of u(26)?
4
What is the units digit of 10/(-40) - (14790/(-8))/3?
6
What is the tens digit of ((-18)/(-15))/((-12)/(-2010))?
0
Let t(p) = -7*p + 28. Let u be t(3). Let h be 0 - (4/(-2) + 21). Let d = u - h. What is the tens digit of d?
2
Let b be 2/(-3) + 11/(198/84). Suppose -p + 0 = -1, -2*p - 34 = -4*x. Suppose 3*h = x, -b*h = -5*o - 23 + 71. What is the tens digit of o?
1
Suppose 11*z = 6*z + 850. What is the hundreds digit of z?
1
Let k = 9 + -7. Let q be (-470)/(-20)*12/k. Suppose 33 = -4*l + q. What is the units digit of l?
7
Suppose l - 970 = 2286. What is the thousands digit of l?
3
Let u(i) = i**3 - 9*i**2 + 9*i - 11. Let w be u(9). Suppose 3*c - 16 = -4*q, 5*c - w = -0*c + 2*q. What is the units digit of c?
2
Let x = -866 + 1507. What is the tens digit of x?
4
What is the tens digit of 822 - 10 - 1/(1/3)?
0
Let k(j) = j**2 + 13*j + 15. Let h be k(-12). Suppose h*m = 2*z + 387, -m = -3*m + 4*z + 258. What is the tens digit of m?
2
Suppose 3*j = 3*d + 4 + 5, -j = d - 9. Let t = -10 + j. Let o = 16 + t. What is the tens digit of o?
1
Let v(q) = q**2 - 5*q + 2. Let t be v(7). Suppose t = -p + 7. What is the units digit of (-30)/p*27/5?
8
Let t(o) = -9*o - 4. What is the tens digit of t(-7)?
5
Let i be 2/4 + (-36)/(-8). Let w = i - 2. Suppose n - 5*n + 2*r = -38, w*n - 4*r - 16 = 0. What is the units digit of n?
2
Let u(v) = 27*v - 3. Let x(r) = 28*r - 4. Let p(a) = 5*u(a) - 4*x(a). What is the hundreds digit of p(5)?
1
Suppose -3*b + 2*c = -145, 0 = -4*b - 2*c + 235 - 37. What is the tens digit of b?
4
Let q = -21 + 17. What is the units digit of 1 - 5 - (q - 96)?
6
What is the thousands digit of -5295*3*14/(-63)?
3
Let t be 1/2 + (-306)/4. Let c be (-2)/(t/24 - -3). Suppose c = -4*y + 7*y. What is the units digit of y?
4
Suppose -f + 1199 = 3*p, 5*f - 7377 = 5*p - 1382. What is the units digit of f?
9
Suppose 186*s - 187*s + 708 = 0. What is the hundreds digit of s?
7
Suppose 3*f + 3*a = -15, 0*f - 10 = 3*f + 2*a. Suppose 0 = 4*i - 4, d + 5*i - 7 = -f*d. Suppose -d*n = -27 + 1. What is the units digit of n?
3
Suppose 4*s = -s + 3*t + 57, 2*s = -2*t + 10. Suppose -2*b - s = -227. What is the units digit of b?
9
Suppose -24 = -4*q - 0. Let t = 28 - q. What is the units digit of t?
2
Let f be 5/(-40) - (-162)/16. Suppose 2*y + 5*a - f = 7, 4*y + 4*a = 28. What is the units digit of 4/(-12) - (-380)/y?
3
Suppose 3*d = -3, 4*j - 7*d - 7869 = -10*d. What is the thousands digit of j?
1
Let n(w) = -w + 5. Let a be n(3). Let s be (2 - 0)/(a/190). Suppose p = 6*p - s. What is the tens digit of p?
3
Suppose 4019 = -2*d + 11641. What is the tens digit of d?
1
Let k = 34 + -27. Suppose -4*y - 5*c = 41, 0 = -k*y + 5*y + 3*c + 7. What is the tens digit of ((y - 1) + -1)*-3?
1
Let t = 17 - 18. Let o = t - 0. What is the units digit of (o + 7)/2 + 3?
6
Suppose 4*n - 2*n = -16. What is the units digit of (-6)/(-14) - n/14?
1
Suppose -k + 46 = -163*m + 166*m, -17 = -m - 2*k. What is the tens digit of m?
1
Suppose -3*o = -5*o. Suppose o*t + 22 = t - 2*l, 0 = 4*t - 3*l - 103. Suppose -t = -2*z - 2*z. What is the units digit of z?
7
Suppose 5*k = -0*k + 65. Let i be 3 + 0 + (-28 - -37). Let h = k - i. What is the units digit of h?
1
Let p = 8390 + -4679. What is the tens digit of p?
1
Suppose 20*d - 18 = 14*d. Suppose -6*j = -d*j - 606. What is the tens digit of j?
0
What is the tens digit of (-6 - -2 - -478) + -2?
7
Suppose -5*s - 12 = -2*r, 0*r + r + 3 = -2*s. Let t be -1*(7 + (r - -1)). Let g = -4 - t. What is the units digit of g?
5
Suppose g = -0*g + 5. Suppose 3*t - 208 = g*c, -2*t + 4*t + 3*c - 107 = 0. What is the units digit of t?
1
Suppose -159*t = -164*t - z + 11626, -4*z - 4646 = -2*t. What is the tens digit of t?
2
Let y be ((-1)/2)/(2/68). Let s = y - -54. What is the units digit of s?
7
Let x be 3/5 + 6 + 2354/10. Suppose 4*p - 14 = 2. Suppose -p*i - 6 = -x. What is the units digit of i?
9
Let d be 3/4 + (-819)/(-12). Suppose 0 = d*c - 70*c + 169. What is the hundreds digit of c?
1
What is the tens digit of -3*3/(-27) + (-25816)/(-24)?
7
Suppose -6*a = 2*a + 1000. Let b = a + 180. What is the tens digit of b?
5
Let z(r) = -272*r + 13. Let o(p) = -91*p + 4. Let v(j) = 14*o(j) - 4*z(j). What is the units digit of v(-1)?
0
Let m = -13 + 9. Let b(d) = -d - 14. Let y(q) = 2*q + 15. Let l(z) = 2*b(z) + 3*y(z). What is the units digit of l(m)?
1
Let p(a) = 2 + a**2 + 2*a**2 + 0*a**2 - 8*a + 9*a. Let m be p(3). Suppose -5*l - 7 = -m. What is 